106.
84
Calculate the remainder when 726536 is divided by 801.
29
What is the remainder when 27267 is divided by 2924?
951
Calculate the remainder when 1624624 is divided by 812307.
10
What is the remainder when 72272667 is divided by 61?
50
What is the remainder when 5066891 is divided by 273?
11
Calculate the remainder when 401203 is divided by 18.
1
Calculate the remainder when 9912267 is divided by 1982442.
57
Calculate the remainder when 159785254 is divided by 409.
406
What is the remainder when 39658 is divided by 2473?
90
Calculate the remainder when 10717 is divided by 3870.
2977
What is the remainder when 323028216 is divided by 70?
56
What is the remainder when 4614401 is divided by 110?
11
Calculate the remainder when 42917 is divided by 3650.
2767
Calculate the remainder when 11947648 is divided by 1198.
1192
Calculate the remainder when 154190 is divided by 1435.
645
What is the remainder when 260597 is divided by 10078?
8647
Calculate the remainder when 11712355 is divided by 2.
1
Calculate the remainder when 2942433 is divided by 3440.
1233
Calculate the remainder when 1639369 is divided by 571.
28
What is the remainder when 2054889 is divided by 269?
267
What is the remainder when 87404 is divided by 7803?
1571
What is the remainder when 6325169 is divided by 9498?
8999
What is the remainder when 46621076 is divided by 8724?
20
Calculate the remainder when 1315407 is divided by 129.
123
What is the remainder when 21035145 is divided by 2103510?
45
What is the remainder when 1519429 is divided by 1775?
29
What is the remainder when 34773257 is divided by 13?
12
What is the remainder when 8438892 is divided by 158?
112
What is the remainder when 577243 is divided by 1195?
58
Calculate the remainder when 150766 is divided by 3207.
37
What is the remainder when 39895457 is divided by 211?
210
What is the remainder when 1771760 is divided by 286?
276
What is the remainder when 1293142 is divided by 1054?
938
What is the remainder when 52674 is divided by 164?
30
What is the remainder when 574681 is divided by 63779?
670
Calculate the remainder when 328323551 is divided by 44.
39
What is the remainder when 135228 is divided by 22536?
12
Calculate the remainder when 125313 is divided by 1451.
527
Calculate the remainder when 6148015 is divided by 1229602.
5
Calculate the remainder when 4396104 is divided by 143.
141
What is the remainder when 1931494 is divided by 2922?
52
Calculate the remainder when 65528 is divided by 8953.
2857
Calculate the remainder when 9387918 is divided by 14.
8
What is the remainder when 3148040 is divided by 131166?
56
What is the remainder when 948938 is divided by 5615?
3
Calculate the remainder when 1286233726 is divided by 247.
245
What is the remainder when 664961 is divided by 108?
5
What is the remainder when 485599 is divided by 74?
11
What is the remainder when 1433756 is divided by 70?
16
Calculate the remainder when 65096 is divided by 21326.
1118
What is the remainder when 165005 is divided by 164435?
570
What is the remainder when 1284907 is divided by 2875?
2657
Calculate the remainder when 19717946 is divided by 1388.
18
What is the remainder when 21010568 is divided by 362251?
10
What is the remainder when 116901 is divided by 1694?
15
Calculate the remainder when 1152938 is divided by 849.
845
What is the remainder when 11817951 is divided by 37878?
15
Calculate the remainder when 665725 is divided by 134.
13
Calculate the remainder when 3388211 is divided by 847042.
43
What is the remainder when 286093 is divided by 1734?
1717
Calculate the remainder when 1658108 is divided by 78954.
74
Calculate the remainder when 1883 is divided by 131.
49
Calculate the remainder when 34802569 is divided by 491.
489
What is the remainder when 1711206 is divided by 5571?
909
Calculate the remainder when 344740 is divided by 1234.
454
Calculate the remainder when 6802787 is divided by 2267586.
29
What is the remainder when 4724497 is divided by 15644?
9
What is the remainder when 182668 is divided by 44645?
4088
Calculate the remainder when 10793349 is divided by 1667.
1191
Calculate the remainder when 13985919 is divided by 4.
3
What is the remainder when 6204287 is divided by 2068089?
20
What is the remainder when 942544 is divided by 157088?
16
Calculate the remainder when 139532 is divided by 404.
152
What is the remainder when 864837 is divided by 2882?
237
What is the remainder when 1208725 is divided by 487?
478
What is the remainder when 1172364 is divided by 13?
11
What is the remainder when 15815 is divided by 957?
503
Calculate the remainder when 2354339 is divided by 447.
437
Calculate the remainder when 573395 is divided by 21235.
50
What is the remainder when 235627587 is divided by 310?
307
What is the remainder when 5681991 is divided by 4928?
7
Calculate the remainder when 4324478 is divided by 432447.
8
What is the remainder when 6354019 is divided by 5?
4
Calculate the remainder when 5807853 is divided by 214.
107
Calculate the remainder when 2702974 is divided by 37027.
3
What is the remainder when 63853097 is divided by 275?
22
Calculate the remainder when 1171062 is divided by 385.
277
What is the remainder when 64238214 is divided by 3214?
3210
What is the remainder when 317759 is divided by 758?
157
Calculate the remainder when 321011 is divided by 13954.
69
Calculate the remainder when 1507398 is divided by 2776.
30
What is the remainder when 185996 is divided by 5355?
3926
What is the remainder when 17749110 is divided by 1127?
1114
Calculate the remainder when 289853 is divided by 144787.
279
Calculate the remainder when 7603118 is divided by 2531.
2525
Calculate the remainder when 1334313 is divided by 266861.
8
What is the remainder when 3596604 is divided by 6148?
24
What is the remainder when 38350191 is divided by 111?
24
What is the remainder when 223005567 is divided by 128?
127
Calculate the remainder when 148125403 is divided by 7.
6
Calculate the remainder when 3628631 is divided by 1497.
1400
Calculate the remainder when 233167 is divided by 1388.
1371
What is the remainder when 4220106 is divided by 183482?
20
What is the remainder when 451056 is divided by 225521?
14
What is the remainder when 2164168 is divided by 113882?
410
What is the remainder when 29734 is divided by 14535?
664
What is the remainder when 138638 is divided by 11709?
9839
Calculate the remainder when 24359139 is divided by 24359139.
0
What is the remainder when 145902 is divided by 3242?
12
What is the remainder when 36 is divided by 26?
10
What is the remainder when 1684384 is divided by 842175?
34
What is the remainder when 53050 is divided by 5639?
2299
What is the remainder when 47399 is divided by 13?
1
Calculate the remainder when 150478504 is divided by 307.
305
What is the remainder when 26289702 is divided by 41336?
6
What is the remainder when 6755115 is divided by 351?
120
What is the remainder when 93516585 is divided by 5?
0
What is the remainder when 4186069 is divided by 232551?
151
What is the remainder when 448462 is divided by 112083?
130
What is the remainder when 13464196 is divided by 448806?
16
Calculate the remainder when 146966159 is divided by 4976.
4975
What is the remainder when 38517972 is divided by 1162?
1158
Calculate the remainder when 157658 is divided by 3153.
8
Calculate the remainder when 133053 is divided by 4184.
3349
Calculate the remainder when 27682 is divided by 19.
18
What is the remainder when 5007011 is divided by 45?
41
What is the remainder when 1411785 is divided by 352945?
5
What is the remainder when 159951 is divided by 4098?
129
Calculate the remainder when 9204 is divided by 4283.
638
Calculate the remainder when 119145 is divided by 59133.
879
Calculate the remainder when 1450385 is divided by 161.
97
Calculate the remainder when 176921 is divided by 58407.
1700
Calculate the remainder when 16106 is divided by 7607.
892
What is the remainder when 2696627 is divided by 134?
11
What is the remainder when 185250020 is divided by 3943?
3937
Calculate the remainder when 391855 is divided by 97927.
147
What is the remainder when 42733999 is divided by 817?
814
Calculate the remainder when 718120 is divided by 89720.
360
What is the remainder w